15445 is divided by 644?
633
What is the remainder when 110793 is divided by 626?
617
What is the remainder when 19665 is divided by 2806?
23
What is the remainder when 22672 is divided by 153?
28
Calculate the remainder when 57670 is divided by 28822.
26
Calculate the remainder when 34970 is divided by 38.
10
What is the remainder when 67083 is divided by 22357?
12
What is the remainder when 12751 is divided by 101?
25
Calculate the remainder when 8885 is divided by 153.
11
What is the remainder when 18225 is divided by 188?
177
What is the remainder when 4140 is divided by 56?
52
What is the remainder when 16371 is divided by 780?
771
What is the remainder when 9022 is divided by 236?
54
What is the remainder when 72975 is divided by 24318?
21
Calculate the remainder when 19741 is divided by 257.
209
What is the remainder when 429548 is divided by 1256?
1252
What is the remainder when 31782 is divided by 51?
9
What is the remainder when 4548 is divided by 22?
16
What is the remainder when 225277 is divided by 225266?
11
What is the remainder when 1054 is divided by 175?
4
What is the remainder when 14191 is divided by 4725?
16
Calculate the remainder when 1235 is divided by 406.
17
What is the remainder when 785 is divided by 209?
158
What is the remainder when 320 is divided by 154?
12
Calculate the remainder when 442 is divided by 88.
2
What is the remainder when 11696 is divided by 334?
6
Calculate the remainder when 622 is divided by 94.
58
Calculate the remainder when 8529 is divided by 608.
17
Calculate the remainder when 176168 is divided by 33.
14
What is the remainder when 124000 is divided by 13?
6
Calculate the remainder when 16256 is divided by 47.
41
What is the remainder when 498408 is divided by 189?
15
What is the remainder when 828 is divided by 222?
162
Calculate the remainder when 221328 is divided by 32.
16
Calculate the remainder when 12755 is divided by 15.
5
Calculate the remainder when 3477 is divided by 1153.
18
Calculate the remainder when 5101 is divided by 5089.
12
What is the remainder when 34215 is divided by 27?
6
What is the remainder when 46404 is divided by 23191?
22
What is the remainder when 8474797 is divided by 80?
77
What is the remainder when 6077 is divided by 255?
212
What is the remainder when 44238 is divided by 38?
6
What is the remainder when 34671 is divided by 17323?
25
What is the remainder when 66024 is divided by 14?
0
Calculate the remainder when 250257 is divided by 430.
427
Calculate the remainder when 348016 is divided by 2135.
11
What is the remainder when 179128 is divided by 99?
37
What is the remainder when 7984 is divided by 2640?
64
Calculate the remainder when 17786 is divided by 480.
26
Calculate the remainder when 9287 is divided by 9228.
59
Calculate the remainder when 8163 is divided by 29.
14
Calculate the remainder when 2515 is divided by 2094.
421
Calculate the remainder when 39590 is divided by 17.
14
What is the remainder when 3199 is divided by 763?
147
Calculate the remainder when 14961 is divided by 68.
1
Calculate the remainder when 11894 is divided by 97.
60
Calculate the remainder when 30901 is divided by 306.
301
Calculate the remainder when 6025 is divided by 180.
85
Calculate the remainder when 5569 is divided by 1381.
45
What is the remainder when 396958 is divided by 96?
94
What is the remainder when 1558 is divided by 124?
70
Calculate the remainder when 182282 is divided by 18.
14
What is the remainder when 86545 is divided by 98?
11
Calculate the remainder when 1123 is divided by 188.
183
What is the remainder when 51005 is divided by 112?
45
Calculate the remainder when 3307 is divided by 255.
247
What is the remainder when 1539 is divided by 378?
27
Calculate the remainder when 203163 is divided by 81.
15
Calculate the remainder when 30381 is divided by 524.
513
What is the remainder when 647 is divided by 627?
20
Calculate the remainder when 191 is divided by 131.
60
Calculate the remainder when 7265 is divided by 1771.
181
Calculate the remainder when 35747 is divided by 717.
614
Calculate the remainder when 63129 is divided by 3944.
25
What is the remainder when 520025 is divided by 113?
112
What is the remainder when 567530 is divided by 35470?
10
Calculate the remainder when 81742 is divided by 11675.
17
Calculate the remainder when 19744 is divided by 139.
6
Calculate the remainder when 14960 is divided by 691.
449
Calculate the remainder when 14678 is divided by 54.
44
Calculate the remainder when 10739 is divided by 328.
243
What is the remainder when 1985 is divided by 16?
1
What is the remainder when 126673 is divided by 329?
8
What is the remainder when 2738 is divided by 944?
850
What is the remainder when 1711077 is divided by 36?
33
Calculate the remainder when 8269 is divided by 3710.
849
What is the remainder when 3729 is divided by 623?
614
Calculate the remainder when 17481 is divided by 1829.
1020
What is the remainder when 3218209 is divided by 10?
9
What is the remainder when 3830 is divided by 137?
131
What is the remainder when 84491 is divided by 83?
80
Calculate the remainder when 90650 is divided by 201.
200
What is the remainder when 46007 is divided by 9?
8
Calculate the remainder when 10314 is divided by 71.
19
What is the remainder when 12564 is divided by 2497?
79
Calculate the remainder when 1288883 is divided by 93.
89
What is the remainder when 1079551 is divided by 128?
127
What is the remainder when 146352 is divided by 73169?
14
What is the remainder when 72262 is divided by 92?
42
What is the remainder when 130567 is divided by 25?
17
Calculate the remainder when 13533 is divided by 282.
279
Calculate the remainder when 2804779 is divided by 610.
609
Calculate the remainder when 8284 is divided by 196.
52
Calculate the remainder when 602822 is divided by 77.
66
Calculate the remainder when 1811159 is divided by 174.
167
What is the remainder when 815 is divided by 580?
235
Calculate the remainder when 62032 is divided by 341.
311
Calculate the remainder when 133 is divided by 2.
1
What is the remainder when 956334 is divided by 42?
36
What is the remainder when 29833 is divided by 877?
15
Calculate the remainder when 11244 is divided by 311.
48
Calculate the remainder when 8425 is divided by 50.
25
What is the remainder when 72332 is divided by 126?
8
Calculate the remainder when 9421 is divided by 9420.
1
Calculate the remainder when 132189 is divided by 100.
89
What is the remainder when 315886 is divided by 157923?
40
What is the remainder when 561967 is divided by 19378?
5
What is the remainder when 53027 is divided by 408?
395
What is the remainder when 170 is divided by 142?
28
Calculate the remainder when 2945 is divided by 130.
85
What is the remainder when 90333 is divided by 32?
29
What is the remainder when 20278 is divided by 37?
2
What is the remainder when 101149 is divided by 403?
399
What is the remainder when 8248 is divided by 113?
112
What is the remainder when 2209 is divided by 315?
4
What is the remainder when 5878 is divided by 583?
48
Calculate the remainder when 6681 is divided by 216.
201
Calculate the remainder when 29128 is divided by 1166.
1144
Calculate the remainder when 2103033 is divided by 34.
31
Calculate the remainder when 98308 is divided by 21.
7
What is the remainder when 2948 is divided by 41?
37
What is the remainder when 5725 is divided by 383?
363
Calculate the remainder when 1086941 is divided by 17.
12
What is the remainder when 353049 is divided by 626?
611
Calculate the remainder when 80316 is divided by 26771.
3
What is the remainder when 12380 is divided by 161?
144
What is the remainder when 1563 is divided by 182?
107
What is the remainder when 12590 is divided by 87?
62
What is the remainder when 256113 is divided by 64019?
37
Calculate the remainder when 10302 is divided by 160.
62
What is the remainder when 1643 is divided by 391?
79
What is the remainder when 305554 is divided by 35?
4
What is the remainder when 438022 is divided by 19?
15
What is the remainder when 7859 is divided by 211?
52
What is the remainder when 657 is divided by 166?
159
Calculate the remainder when 216598 is divided by 4165.
18
Calculate the remainder when 172680 is divided by 134.
88